{"id":511,"date":"2021-02-22T16:04:27","date_gmt":"2021-02-22T15:04:27","guid":{"rendered":"https:\/\/se.gate-away.com\/blog\/?page_id=511"},"modified":"2021-03-31T20:04:37","modified_gmt":"2021-03-31T18:04:37","slug":"kopguide","status":"publish","type":"page","link":"https:\/\/se.gate-away.com\/blog\/kopguide\/","title":{"rendered":"K\u00f6pguide"},"content":{"rendered":"\n<h2 class=\"wp-block-heading\">En guide f\u00f6r att k\u00f6pa en fastighet i Italien<\/h2>\n\n\n\n<p>Benvenuti a casa in Italia, eller v\u00e4lkommen hem till Italien. Gate-away.com \u00e4r glad att kunna erbjuda denna omfattande italienska k\u00f6pguide f\u00f6r fastigheter till en v\u00e4xande internationell kundkrets som s\u00f6ker fastigheter h\u00e4r. I denna online-guide hittar utl\u00e4nningar goda r\u00e5d om den italienska fastighetsk\u00f6psprocessen, inklusive gedigna tips som r\u00f6r skatter, avgifter, provisioner och andra kostnader. F\u00f6rutom att erbjuda fantastisk information om hur man g\u00f6r, kommer denna guide ocks\u00e5 att h\u00e5lla v\u00e5ra icke-italienska investerare informerade om byr\u00e5kratiska fallgropar och andra dilemman vid bostadsk\u00f6p som annars skulle kunna snubbla \u00f6ver den of\u00f6rberedda k\u00f6paren. Anv\u00e4nd guiden f\u00f6r att underl\u00e4tta din v\u00e4g in i landet f\u00f6r la dolce vita, det italienska goda livet.<\/p>\n","protected":false},"excerpt":{"rendered":"<p>En guide f\u00f6r att k\u00f6pa en fastighet i Italien Benvenuti a casa in Italia, eller v\u00e4lkommen &hellip; <a class=\"card__read-more\" href=\"https:\/\/se.gate-away.com\/blog\/kopguide\/\">L\u00e4s mer <span class=\"icon\"><br \/>\n    <svg aria-hidden=\"true\" focusable=\"false\">\n        <use xlink:href=\"https:\/\/se.gate-away.com\/blog\/wp-content\/themes\/gateaway\/dist\/icons\/icons.svg#assets--src--icons--arrow-right\"><\/use>\n    <\/svg><br \/>\n<\/span><br \/>\n<\/a><\/p>\n","protected":false},"author":1,"featured_media":0,"parent":0,"menu_order":0,"comment_status":"closed","ping_status":"closed","template":"page-templates\/buying-guide.php","meta":{"_acf_changed":false,"footnotes":""},"class_list":["post-511","page","type-page","status-publish","hentry"],"acf":[],"yoast_head":"<!-- This site is optimized with the Yoast SEO plugin v27.3 - https:\/\/yoast.com\/product\/yoast-seo-wordpress\/ -->\n<title>K\u00f6pguide - Gate-away.com blogg<\/title>\n<meta name=\"description\" content=\"En omfattande guide f\u00f6r att k\u00f6pa en fastighet i Italien. Den italienska fastighetsk\u00f6psprocessen med anv\u00e4ndbara tips om skatter, avgifter, provisioner och andra kostnader.\" \/>\n<meta name=\"robots\" content=\"index, follow, max-snippet:-1, max-image-preview:large, max-video-preview:-1\" \/>\n<link rel=\"canonical\" href=\"https:\/\/se.gate-away.com\/blog\/kopguide\/\" \/>\n<meta property=\"og:locale\" content=\"sv_SE\" \/>\n<meta property=\"og:type\" content=\"article\" \/>\n<meta property=\"og:title\" content=\"K\u00f6pguide - Gate-away.com blogg\" \/>\n<meta property=\"og:description\" content=\"En omfattande guide f\u00f6r att k\u00f6pa en fastighet i Italien. Den italienska fastighetsk\u00f6psprocessen med anv\u00e4ndbara tips om skatter, avgifter, provisioner och andra kostnader.\" \/>\n<meta property=\"og:url\" content=\"https:\/\/se.gate-away.com\/blog\/kopguide\/\" \/>\n<meta property=\"og:site_name\" content=\"Gate-away.com blogg\" \/>\n<meta property=\"article:publisher\" content=\"https:\/\/www.facebook.com\/GateAway\/\" \/>\n<meta property=\"article:modified_time\" content=\"2021-03-31T18:04:37+00:00\" \/>\n<meta name=\"twitter:label1\" content=\"Ber\u00e4knad l\u00e4stid\" \/>\n\t<meta name=\"twitter:data1\" content=\"1 minut\" \/>\n<script type=\"application\/ld+json\" class=\"yoast-schema-graph\">{\"@context\":\"https:\\\/\\\/schema.org\",\"@graph\":[{\"@type\":\"WebPage\",\"@id\":\"https:\\\/\\\/se.gate-away.com\\\/blog\\\/kopguide\\\/\",\"url\":\"https:\\\/\\\/se.gate-away.com\\\/blog\\\/kopguide\\\/\",\"name\":\"K\u00f6pguide - Gate-away.com blogg\",\"isPartOf\":{\"@id\":\"https:\\\/\\\/se.gate-away.com\\\/blog\\\/#website\"},\"datePublished\":\"2021-02-22T15:04:27+00:00\",\"dateModified\":\"2021-03-31T18:04:37+00:00\",\"description\":\"En omfattande guide f\u00f6r att k\u00f6pa en fastighet i Italien. Den italienska fastighetsk\u00f6psprocessen med anv\u00e4ndbara tips om skatter, avgifter, provisioner och andra kostnader.\",\"breadcrumb\":{\"@id\":\"https:\\\/\\\/se.gate-away.com\\\/blog\\\/kopguide\\\/#breadcrumb\"},\"inLanguage\":\"sv-SE\",\"potentialAction\":[{\"@type\":\"ReadAction\",\"target\":[\"https:\\\/\\\/se.gate-away.com\\\/blog\\\/kopguide\\\/\"]}]},{\"@type\":\"BreadcrumbList\",\"@id\":\"https:\\\/\\\/se.gate-away.com\\\/blog\\\/kopguide\\\/#breadcrumb\",\"itemListElement\":[{\"@type\":\"ListItem\",\"position\":1,\"name\":\"Hem\",\"item\":\"https:\\\/\\\/se.gate-away.com\\\/blog\\\/\"},{\"@type\":\"ListItem\",\"position\":2,\"name\":\"K\u00f6pguide\"}]},{\"@type\":\"WebSite\",\"@id\":\"https:\\\/\\\/se.gate-away.com\\\/blog\\\/#website\",\"url\":\"https:\\\/\\\/se.gate-away.com\\\/blog\\\/\",\"name\":\"Gate-away.com blogg\",\"description\":\"Den italienska fastighetsbloggen\",\"potentialAction\":[{\"@type\":\"SearchAction\",\"target\":{\"@type\":\"EntryPoint\",\"urlTemplate\":\"https:\\\/\\\/se.gate-away.com\\\/blog\\\/?s={search_term_string}\"},\"query-input\":{\"@type\":\"PropertyValueSpecification\",\"valueRequired\":true,\"valueName\":\"search_term_string\"}}],\"inLanguage\":\"sv-SE\"}]}<\/script>\n<!-- \/ Yoast SEO plugin. -->","yoast_head_json":{"title":"K\u00f6pguide - Gate-away.com blogg","description":"En omfattande guide f\u00f6r att k\u00f6pa en fastighet i Italien. Den italienska fastighetsk\u00f6psprocessen med anv\u00e4ndbara tips om skatter, avgifter, provisioner och andra kostnader.","robots":{"index":"index","follow":"follow","max-snippet":"max-snippet:-1","max-image-preview":"max-image-preview:large","max-video-preview":"max-video-preview:-1"},"canonical":"https:\/\/se.gate-away.com\/blog\/kopguide\/","og_locale":"sv_SE","og_type":"article","og_title":"K\u00f6pguide - Gate-away.com blogg","og_description":"En omfattande guide f\u00f6r att k\u00f6pa en fastighet i Italien. Den italienska fastighetsk\u00f6psprocessen med anv\u00e4ndbara tips om skatter, avgifter, provisioner och andra kostnader.","og_url":"https:\/\/se.gate-away.com\/blog\/kopguide\/","og_site_name":"Gate-away.com blogg","article_publisher":"https:\/\/www.facebook.com\/GateAway\/","article_modified_time":"2021-03-31T18:04:37+00:00","twitter_misc":{"Ber\u00e4knad l\u00e4stid":"1 minut"},"schema":{"@context":"https:\/\/schema.org","@graph":[{"@type":"WebPage","@id":"https:\/\/se.gate-away.com\/blog\/kopguide\/","url":"https:\/\/se.gate-away.com\/blog\/kopguide\/","name":"K\u00f6pguide - Gate-away.com blogg","isPartOf":{"@id":"https:\/\/se.gate-away.com\/blog\/#website"},"datePublished":"2021-02-22T15:04:27+00:00","dateModified":"2021-03-31T18:04:37+00:00","description":"En omfattande guide f\u00f6r att k\u00f6pa en fastighet i Italien. Den italienska fastighetsk\u00f6psprocessen med anv\u00e4ndbara tips om skatter, avgifter, provisioner och andra kostnader.","breadcrumb":{"@id":"https:\/\/se.gate-away.com\/blog\/kopguide\/#breadcrumb"},"inLanguage":"sv-SE","potentialAction":[{"@type":"ReadAction","target":["https:\/\/se.gate-away.com\/blog\/kopguide\/"]}]},{"@type":"BreadcrumbList","@id":"https:\/\/se.gate-away.com\/blog\/kopguide\/#breadcrumb","itemListElement":[{"@type":"ListItem","position":1,"name":"Hem","item":"https:\/\/se.gate-away.com\/blog\/"},{"@type":"ListItem","position":2,"name":"K\u00f6pguide"}]},{"@type":"WebSite","@id":"https:\/\/se.gate-away.com\/blog\/#website","url":"https:\/\/se.gate-away.com\/blog\/","name":"Gate-away.com blogg","description":"Den italienska fastighetsbloggen","potentialAction":[{"@type":"SearchAction","target":{"@type":"EntryPoint","urlTemplate":"https:\/\/se.gate-away.com\/blog\/?s={search_term_string}"},"query-input":{"@type":"PropertyValueSpecification","valueRequired":true,"valueName":"search_term_string"}}],"inLanguage":"sv-SE"}]}},"_links":{"self":[{"href":"https:\/\/se.gate-away.com\/blog\/wp-json\/wp\/v2\/pages\/511","targetHints":{"allow":["GET"]}}],"collection":[{"href":"https:\/\/se.gate-away.com\/blog\/wp-json\/wp\/v2\/pages"}],"about":[{"href":"https:\/\/se.gate-away.com\/blog\/wp-json\/wp\/v2\/types\/page"}],"author":[{"embeddable":true,"href":"https:\/\/se.gate-away.com\/blog\/wp-json\/wp\/v2\/users\/1"}],"replies":[{"embeddable":true,"href":"https:\/\/se.gate-away.com\/blog\/wp-json\/wp\/v2\/comments?post=511"}],"version-history":[{"count":0,"href":"https:\/\/se.gate-away.com\/blog\/wp-json\/wp\/v2\/pages\/511\/revisions"}],"wp:attachment":[{"href":"https:\/\/se.gate-away.com\/blog\/wp-json\/wp\/v2\/media?parent=511"}],"curies":[{"name":"wp","href":"https:\/\/api.w.org\/{rel}","templated":true}]}}